rime factors of 41960984?
2, 13, 73, 5527
What are the prime factors of 559821597?
3, 29, 73, 181, 487
What are the prime factors of 3877649820?
2, 3, 5, 11, 167, 1303
List the prime factors of 1449218310.
2, 3, 5, 1223, 39499
What are the prime factors of 304220060?
2, 5, 15211003
List the prime factors of 609036837.
3, 41, 103, 48073
List the prime factors of 251809727.
13, 23, 842173
List the prime factors of 48350335.
5, 11, 879097
What are the prime factors of 5325183153?
3, 37, 15991541
List the prime factors of 265365845.
5, 919, 57751
What are the prime factors of 374974903?
463, 487, 1663
What are the prime factors of 283509757?
97, 347, 8423
List the prime factors of 2227388896.
2, 181, 373, 1031
List the prime factors of 2543826980.
2, 5, 127191349
List the prime factors of 2446504414.
2, 1223252207
List the prime factors of 1420896624.
2, 3, 7, 4228859
List the prime factors of 19866842.
2, 491, 20231
What are the prime factors of 3943453443?
3, 1314484481
List the prime factors of 1453217440.
2, 5, 47, 193247
List the prime factors of 9108466843.
7, 3559, 365611
List the prime factors of 123917154.
2, 3, 20652859
List the prime factors of 45602134.
2, 22801067
List the prime factors of 1361404496.
2, 3067, 27743
List the prime factors of 30319003.
11, 13, 19, 11159
What are the prime factors of 22383360?
2, 3, 5, 29, 67
What are the prime factors of 46601186?
2, 19, 1226347
What are the prime factors of 311638907?
467, 667321
What are the prime factors of 4640400420?
2, 3, 5, 23, 557, 6037
What are the prime factors of 1789804578?
2, 3, 298300763
List the prime factors of 83700494.
2, 41850247
What are the prime factors of 6596747?
1129, 5843
List the prime factors of 1131003982.
2, 17, 83, 179, 2239
List the prime factors of 188772900.
2, 3, 5, 629243
List the prime factors of 40148339.
7, 11, 17, 30671
What are the prime factors of 4671616707?
3, 37, 43, 108751
List the prime factors of 39919222.
2, 7, 43, 9473
What are the prime factors of 64431259?
821, 78479
What are the prime factors of 30254114?
2, 11, 125017
What are the prime factors of 613871982?
2, 3, 31, 47, 89, 263
What are the prime factors of 44364613?
179, 247847
What are the prime factors of 67685587?
83, 163, 5003
List the prime factors of 422440075.
5, 101, 293, 571
What are the prime factors of 111200351?
111200351
List the prime factors of 1736821617.
3, 19841, 29179
List the prime factors of 910652521.
337, 2702233
What are the prime factors of 10414707?
3, 3471569
What are the prime factors of 1244104267?
7, 59, 157, 2741
List the prime factors of 2195860486.
2, 1097930243
What are the prime factors of 72040059?
3, 7, 13, 87961
What are the prime factors of 3296458268?
2, 824114567
List the prime factors of 488203102.
2, 1373, 177787
What are the prime factors of 52151583?
3, 11, 1580351
List the prime factors of 3375646092.
2, 3, 7, 13, 1030417
List the prime factors of 1920379450.
2, 5, 11, 3491599
What are the prime factors of 108934859?
11, 9903169
List the prime factors of 1330395.
3, 5, 11, 733
What are the prime factors of 2128021056?
2, 3, 7, 139, 3797
What are the prime factors of 51254502?
2, 3, 13, 179, 3671
What are the prime factors of 71701574?
2, 7, 31, 165211
List the prime factors of 16228725.
3, 5, 151, 1433
List the prime factors of 209404120.
2, 5, 823, 6361
List the prime factors of 207764602.
2, 71, 883, 1657
What are the prime factors of 249461707?
11, 2061667
List the prime factors of 810143683.
810143683
List the prime factors of 116974818.
2, 3, 409, 15889
List the prime factors of 1354754952.
2, 3, 29, 281, 2309
What are the prime factors of 32238197?
32238197
What are the prime factors of 187848237?
3, 47, 107, 12451
What are the prime factors of 277553815?
5, 7, 11, 17, 42407
What are the prime factors of 1695298358?
2, 13, 65203783
List the prime factors of 1620815487.
3, 919, 587891
What are the prime factors of 5420808411?
3, 17, 106290361
What are the prime factors of 10534431?
3, 3511477
List the prime factors of 2757207673.
11, 31, 8085653
What are the prime factors of 17249930?
2, 5, 41, 42073
List the prime factors of 952292879.
4027, 236477
What are the prime factors of 328438446?
2, 3, 7, 19, 411577
List the prime factors of 332650247.
1483, 224309
What are the prime factors of 651659302?
2, 7, 19, 2449847
List the prime factors of 4879775115.
3, 5, 17, 375223
What are the prime factors of 459586368?
2, 3, 23, 113, 307
List the prime factors of 9019671.
3, 677, 4441
What are the prime factors of 167814640?
2, 5, 7, 41, 7309
List the prime factors of 1222579461.
3, 53, 547, 14057
List the prime factors of 2610185002.
2, 19, 479, 143401
What are the prime factors of 264237464?
2, 761, 43403
What are the prime factors of 255181669?
487, 523987
List the prime factors of 5628187715.
5, 131, 8592653
What are the prime factors of 52922976?
2, 3, 551281
List the prime factors of 54290307.
3, 18096769
List the prime factors of 4823169411.
3, 61, 26356117
What are the prime factors of 51848782?
2, 179, 144829
What are the prime factors of 711373234?
2, 11, 13, 2487319
What are the prime factors of 44341730?
2, 5, 4434173
What are the prime factors of 2760651151?
19, 145297429
List the prime factors of 2079379371.
3, 67, 10345171
List the prime factors of 396767656.
2, 49595957
List the prime factors of 69173136.
2, 3, 17, 9419
What are the prime factors of 2920528672?
2, 131, 696691
What are the prime factors of 2086292019?
3, 7, 233, 426383
What are the prime factors of 9216813131?
13729, 671339
List the prime factors of 541347442.
2, 270673721
What are the prime factors of 1371679095?
3, 5, 91445273
What are the prime factors of 577359838?
2, 11, 229, 114601
What are the prime factors of 1134632720?
2, 5, 13, 157, 6949
What are the prime factors of 1913397760?
2, 5, 747421
What are the prime factors of 107059808?
2, 439, 7621
What are the prime factors of 61852262?
2, 30926131
What are the prime factors of 47898032?
2, 7, 13, 67, 491
What are the prime factors of 2598253955?
5, 11, 47240981
List the prime factors of 2581090997.
22807, 113171
List the prime factors of 48398994.
2, 3, 7, 43, 8933
What are the prime factors of 215727189?
3, 23, 89, 35129
What are the prime factors of 80242692?
2, 3, 251, 26641
What are the prime factors of 1808851111?
1808851111
What are the prime factors of 1202573701?
7, 171796243
What are the prime factors of 78793913?
11, 1693, 4231
List the prime factors of 4015426626.
2, 3, 61, 3657037
List the prime factors of 3466596826.
2, 7, 11, 127, 25321
List the prime factors of 6487016888.
2, 11, 2633, 27997
List the prime factors of 585888983.
1039, 563897
List the prime factors of 137268994.
2, 68634497
What are the prime factors of 17039224?
2, 2129903
What are the prime factors of 316814658?
2, 3, 2111, 25013
What are the prime factors of 3543945623?
3543945623
What are the prime factors of 469856953?
61, 7702573
What are the prime factors of 14896413?
3, 7, 269, 293
List the prime factors of 6328217058.
2, 3, 3167, 333029
What are the prime factors of 194725273?
101, 379, 5087
List the prime factors of 428534775.
3, 5, 43, 44293
What are the prime factors of 33854186?
2, 37, 79, 5791
List the prime factors of 1477414134.
2, 3, 7, 3908503
List the prime factors of 44425282.
2, 11, 23, 87797
List the prime factors of 86233835.
5, 151, 114217
What are the prime factors of 3689615819?
4931, 748249
List the prime factors of 3198015759.
3, 281, 3793613
List the prime factors of 81314239.
191, 293, 1453
List the prime factors of 3204646249.
7, 379, 1207933
List the prime factors of 26847422.
2, 7, 37, 51829
List the prime factors of 1315072532.
2, 1193, 275581
List the prime factors of 4790553751.
5347, 895933
What are the prime factors of 1688172579?
3, 173, 1084247
List the prime factors of 80319290.
2, 5, 8031929
List the prime factors of 104430035.
5, 20886007
List the prime factors of 53580271.
23, 2329577
What are the prime factors of 331436182?
2, 7, 11, 17, 677
What are the prime factors of 532191414?
2, 3, 163, 571, 953
List the prime factors of 2834515452.
2, 3, 43, 2311, 2377
What are the prime factors of 7515209963?
673, 11166731
List the prime factors of 72137662.
2, 3863, 9337
List t